the greatest common divisor of 70 and z?
14
Let g be (14/16)/(3/168). What is the greatest common divisor of 2009 and g?
49
Let t(h) = -h**2 - 6*h + 27. Let b be t(-7). What is the highest common factor of 640 and b?
20
Suppose 0 = -k - 0*k + 3. Suppose -x + 2*r = -62, -47 = -5*x - 2*r + 323. Suppose -x = -k*b - b. Calculate the greatest common factor of 36 and b.
18
Suppose -5*d + 55 = 5*j, -d - 48*j = -49*j - 13. Calculate the highest common divisor of d and 114.
6
Suppose -3 - 22 = 5*z, -75 = -2*d + 3*z. What is the greatest common factor of 15 and d?
15
Suppose -3*x = 5*u + 7, 5*u + 12 = -4*x + 11. What is the highest common factor of x and 102?
6
Suppose n = -3*n - 4*u + 1144, 4*n + 3*u = 1143. What is the greatest common factor of 57 and n?
57
Let h(j) = -5*j**3 - 6*j**2 + 8*j + 8. Let v be h(-4). Calculate the greatest common factor of 125 and v.
25
Let v be (-63)/(-12) + 4/(-16). Suppose -m = 4*m - v. What is the highest common factor of m and 4?
1
Let u(v) = -2*v + 8. Suppose d + d + 2*g = 0, 4*g - 6 = -d. Let q be u(d). What is the greatest common divisor of q and 3?
3
Let m be 10/(-3)*3*-1. Suppose 27*q + 53 = 790 - 62. Calculate the greatest common factor of m and q.
5
Suppose 14*b - 10374 = -7*b. What is the greatest common divisor of 52 and b?
26
Suppose 55*w = 20162 + 3213. What is the highest common factor of 17 and w?
17
Let n = -23 + 47. Suppose -3*w + 0 + 15 = 0. Suppose w*u + 0 - 40 = 0. Calculate the highest common factor of n and u.
8
Let n(q) = -q**2 - 7*q + 3. Let l be n(-7). Suppose 3*y = 6*p - 2*p - 111, l*p + 132 = -3*y. Let i = 61 + y. Calculate the greatest common factor of 10 and i.
10
Let b = -16 + 37. Let m(t) = -20*t - 238. Let p be m(-14). Calculate the greatest common divisor of p and b.
21
Suppose 525 = 21*s - 14*s. Calculate the greatest common factor of s and 275.
25
Suppose -x = 4*x. Suppose -s + 81 = -x*s. Let u be (-4 - (3 + -6))/(-1) + 8. Calculate the highest common factor of s and u.
9
Suppose -2*k + 60 = 3*k. Let d be 320/(-384) + ((-113)/(-6) - 0). Calculate the greatest common factor of k and d.
6
Let q(i) = -2*i + 40. Suppose -10 = -6*u + 4*u. Let l be q(u). What is the greatest common divisor of l and 45?
15
Suppose 6416 - 1970 = 19*j. What is the greatest common factor of 18 and j?
18
Let a(n) = -6*n + 8. Let j(m) = 5*m - 9. Let z(i) = -6*a(i) - 7*j(i). Let k be z(-7). Calculate the highest common factor of 64 and k.
8
Suppose 72 = 2*y - 8. Let q be ((-700)/22)/(-1) + (-2)/(-11). Let p be (9/(-6))/(58/q - 2). Calculate the highest common divisor of y and p.
8
Suppose -4*u + 8*i + 54 = 6*i, 2*i + 24 = 2*u. Suppose -5*y - 19 = 1. Let p be (0 + 3)*y/(-4). What is the highest common factor of p and u?
3
Suppose -112*x = -108*x - 128. What is the highest common factor of x and 992?
32
Let k = -1 - -47. What is the highest common factor of 138 and k?
46
Let p(r) = r**3 + 15*r**2 + 14*r + 10. Let z be p(-14). Let s be z + (0 - (4 + -8)). What is the greatest common divisor of 70 and s?
14
Let n be -1 + (-30)/3 + 59. Let v = 47 + -27. Let d be ((-32)/10)/((-2)/v). What is the highest common divisor of d and n?
16
Let f = 25 - 21. Suppose -4*l = f, -b + 9 = -5*l + l. Calculate the highest common factor of 2 and b.
1
Let r(i) be the second derivative of -81*i**5/20 + i**4/12 + i**3/6 - i**2/2 - 17*i. Let f be r(-1). Calculate the highest common factor of f and 10.
10
Let t = 144 - 84. Suppose 141*z + 210 = 148*z. Calculate the highest common factor of t and z.
30
Let a be -2 + 64 + 2/(-2). Let y = -43 + a. Suppose -o - d + 165 = 0, 4*o = 6*o + 3*d - 333. Calculate the greatest common divisor of y and o.
18
Let d = -56 + 256. Suppose 144 = 4*o - 3*y - 21, -5*o + d = -5*y. Calculate the greatest common factor of o and 5.
5
Suppose -2*k + 42 = -5*z + 3*z, 5*z + 123 = -4*k. Let b = z - -31. What is the greatest common divisor of 88 and b?
8
Let r = -28 + 37. Suppose 0*o + 4*t + 21 = o, -4*o = -5*t - 117. Suppose 3*c - o = -r. Calculate the highest common factor of c and 20.
4
Suppose -p + 70 = 13*p. What is the greatest common factor of p and 15?
5
Suppose 4*f + 7*f = 154. Suppose 28 = -0*j + 2*j. Calculate the greatest common factor of j and f.
14
Let k be (40/(-25))/((-4)/150). Suppose 0*i = 4*i - k. Suppose -5*g - 24 = -d, -3*g + i = -8*g. What is the greatest common factor of d and 3?
3
Let y = -457 - -478. Calculate the greatest common factor of 119 and y.
7
Let m be (4 + 2)/(4 + (-4)/2). Suppose -140 = -m*y - y. What is the highest common divisor of 10 and y?
5
Let w be 1162/14 + 9 + 6. What is the greatest common divisor of 14 and w?
14
Let f be (21/28)/((-3)/(-20)). Suppose -y = 2*q - 31, -f*y - 5*q - 45 = -200. Suppose -2*c + y = -29. What is the greatest common factor of c and 6?
6
Let x be 680/15*(-87)/(-58). What is the highest common factor of 1462 and x?
34
Let v be (-3)/6 + 242/4. Let h(d) = -d + 7. Suppose 24 + 0 = -8*z. Let n be h(z). What is the highest common factor of n and v?
10
Let n = 45 + -29. Let r(q) = 17*q - 6. Let y(p) = 33*p - 13. Let x(m) = -5*r(m) + 2*y(m). Let b be x(-4). Calculate the highest common factor of b and n.
16
Suppose 5*n = 4*n + 15. Let g(v) = -5*v + 135. Let f be g(3). Calculate the greatest common factor of f and n.
15
Suppose 5*g + 5*m - 50 = 0, -g - 15*m + 14 = -13*m. Suppose 4*i = -3*z - 0*i + 6, -z = 2*i. Calculate the greatest common factor of z and g.
6
Suppose -b + 99 = 4*l, 0 = -2*l - 3*b + 40 + 17. Calculate the highest common factor of l and 888.
24
Let q(o) = 3*o + o**2 - 4 - 3*o**2 + 7*o**2. Let x be q(2). Calculate the greatest common divisor of 11 and x.
11
Let p(x) = -x**2 - 17*x + 35 + 17*x. Let o be p(5). What is the greatest common factor of 5 and o?
5
Let m be (-9*(-6)/(-72))/(2/(-104)). What is the greatest common divisor of 507 and m?
39
Let x = 78 - 69. Let k be ((-2)/6 - 1)*-12*x. What is the highest common factor of 12 and k?
12
Let a = 2260 + -2240. What is the highest common divisor of 268 and a?
4
Let l be (2 + 3)*(-24)/(-30). Suppose 119 = l*p - 121. Calculate the highest common divisor of p and 12.
12
Suppose 0 = 118*r - 25997 - 2795. What is the greatest common factor of r and 1098?
122
Suppose -2*s = -2*n + 6*n - 38, -s + 5*n + 26 = 0. Let v be -3 + (s/2 - 2/4). What is the greatest common divisor of v and 7?
7
Let o be ((-10)/6)/(2/(-84)). Suppose -6*b + 17 = 5. Let u be 60/21*7/b. Calculate the greatest common divisor of o and u.
10
Let x(j) = -j**3 + 60*j**2 - 116*j + 8. Let o be x(58). Calculate the highest common factor of 376 and o.
8
Let k(y) = y**2 - 4*y + 7. Let l be k(5). Suppose -l - 8 = -t. What is the greatest common divisor of 4 and t?
4
Let s be (1 + 1)/((-2)/(-11)). Suppose 366 = 13*x - 206. Calculate the greatest common divisor of s and x.
11
Let v(t) = t**3 + 13*t**2 + 5*t - 47. Let a be v(-12). Suppose 1200 = 4*h + 4*j, 3*h - 369 - 503 = 4*j. What is the highest common divisor of a and h?
37
Let k = -786 - -789. What is the greatest common factor of 1 and k?
1
Suppose 49*a + 378 = 52*a. Suppose a = 8*h - h. Calculate the greatest common divisor of 30 and h.
6
Suppose 2*k - 4*w - 8 = 0, -k + 2*w - 16 = -5*k. Let g be 35/15 - k/(-6). Suppose -550 = g*v - 8*v. Calculate the greatest common divisor of 22 and v.
22
Suppose 17*q - 82 - 3 = 0. Suppose 2*w - 1 = 1. Suppose r = 2*r - w. What is the highest common divisor of r and q?
1
Let u(l) = -l**2 - 4*l - 3. Let q be u(-2). Let t be (-2 - q) + 4 + (-126)/(-7). Let m be 209 + 0*(1 + -2). What is the greatest common divisor of m and t?
19
Let g(q) be the first derivative of -q**4/4 + 11*q**3/3 + q**2 - 18*q + 29. Let v be g(11). What is the greatest common factor of v and 1?
1
Let u = 197 - 173. Calculate the greatest common divisor of u and 144.
24
Let o = 209 + -47. Let h = o - 90. What is the greatest common divisor of h and 9?
9
Suppose 0*r - 2*r - 268 = -3*b, -86 = -b + 4*r. Let u(z) = 2*z - 22. Let t be u(16). What is the highest common divisor of t and b?
10
Let u = -161 + 179. Suppose 5*r - 52 = -h + 6, -3*h - 30 = -2*r. Calculate the greatest common factor of r and u.
6
Let i = 2164 + -1814. What is the highest common factor of i and 490?
70
Let t = -224 - -234. What is the highest common divisor of t and 16?
2
Suppose -5*i + 5 = 3*q, -43 + 16 = -3*i + 3*q